3249733?
False
Is 129406307 a multiple of 104?
False
Does 62 divide 1530346?
True
Is 17 a factor of 1359416126?
False
Is 1747457 a multiple of 6?
False
Is 42650415 a multiple of 15?
True
Does 259 divide 390422039?
True
Is 12 a factor of 87025570?
False
Is 12 a factor of 95557992?
True
Is 45788422 a multiple of 848?
False
Is 71684096 a multiple of 814?
True
Is 544917592 a multiple of 17?
True
Is 2912 a factor of 12816745?
False
Is 341 a factor of 1566308139?
True
Does 118 divide 35946025?
False
Does 75 divide 8799075?
True
Does 39 divide 1933659?
True
Is 395 a factor of 500312925?
True
Is 774138960 a multiple of 504?
True
Does 76 divide 1012402973?
False
Is 103 a factor of 270881348?
True
Is 132 a factor of 5744772?
True
Does 35 divide 5210485?
True
Does 4972 divide 79512224?
True
Is 59158804 a multiple of 196?
False
Is 75048302 a multiple of 860?
False
Is 365481351 a multiple of 279?
True
Is 884 a factor of 42086356?
True
Does 15 divide 5026980?
True
Does 9 divide 4695003?
True
Is 474 a factor of 6965430?
True
Is 39 a factor of 270682659?
True
Is 3543847 a multiple of 30?
False
Is 246390629 a multiple of 784?
False
Is 59 a factor of 1122661325?
False
Does 68 divide 21355196?
True
Is 185507094 a multiple of 17?
True
Is 199 a factor of 27996518?
False
Is 46 a factor of 662119446?
True
Is 45 a factor of 56486255?
False
Is 10 a factor of 9927430?
True
Does 10 divide 196069227?
False
Is 158 a factor of 7572686?
False
Does 210 divide 2739640470?
True
Is 40 a factor of 10897638?
False
Is 189 a factor of 5369704?
False
Is 24277383 a multiple of 1273?
True
Is 1359 a factor of 26078163?
False
Does 26 divide 161495292?
False
Is 415 a factor of 10370990?
False
Does 3 divide 107043857?
False
Is 68 a factor of 800801252?
True
Is 413141058 a multiple of 11?
True
Does 2 divide 24957180?
True
Is 529824141 a multiple of 469?
True
Is 4 a factor of 15528823?
False
Does 40 divide 1970731680?
True
Is 6323914 a multiple of 174?
False
Does 14 divide 67886846?
False
Does 6 divide 28115355?
False
Does 465 divide 3712095?
True
Is 588131921 a multiple of 40?
False
Is 782 a factor of 34109221?
False
Does 29 divide 3963950?
False
Is 288 a factor of 27656928?
True
Does 479 divide 3536765955?
True
Is 229301719 a multiple of 11?
False
Is 4417 a factor of 260364482?
True
Is 252406379 a multiple of 278?
False
Does 209 divide 458311942?
False
Is 904960707 a multiple of 924?
False
Is 42 a factor of 48440070?
True
Is 10 a factor of 190764950?
True
Does 254 divide 31792167?
False
Is 457 a factor of 82388417?
True
Is 848200866 a multiple of 614?
False
Does 5 divide 6823966?
False
Does 30 divide 114420218?
False
Is 554 a factor of 409734522?
True
Does 18 divide 158255457?
False
Is 70 a factor of 15786651?
False
Is 990017 a multiple of 25?
False
Is 250 a factor of 231617006?
False
Does 5 divide 273541564?
False
Is 69784121 a multiple of 750?
False
Is 35937945 a multiple of 1527?
True
Is 54 a factor of 626894885?
False
Is 24 a factor of 12194261?
False
Is 3752 a factor of 215262971?
False
Is 1118867975 a multiple of 185?
True
Is 18800400 a multiple of 5?
True
Is 977735514 a multiple of 1369?
False
Does 58 divide 7860392?
True
Is 5871000 a multiple of 1425?
True
Is 5 a factor of 14785790?
True
Is 30 a factor of 418470641?
False
Is 212 a factor of 96217048?
True
Is 869338293 a multiple of 1191?
True
Is 14782085 a multiple of 50?
False
Does 20 divide 171452969?
False
Is 6906768 a multiple of 22?
True
Does 7 divide 6795346?
False
Does 44 divide 27993824?
False
Is 155754197 a multiple of 36?
False
Is 366324215 a multiple of 305?
True
Does 1466 divide 480857247?
False
Does 2424 divide 21925080?
True
Is 5530110 a multiple of 28?
False
Does 2365 divide 359274245?
True
Is 438041 a multiple of 2?
False
Does 9 divide 2216939?
False
Is 17 a factor of 252060631?
False
Does 56 divide 1122128?
True
Is 402 a factor of 85007724?
True
Is 114811725 a multiple of 175?
True
Does 397 divide 708975701?
True
Is 356095 a multiple of 1555?
True
Is 495 a factor of 2990295?
True
Is 119465819 a multiple of 29?
True
Is 13 a factor of 33640126?
True
Does 90 divide 8689500?
True
Is 8722 a factor of 1650047447?
False
Is 101859746 a multiple of 20?
False
Does 38 divide 89022942?
True
Is 103057501 a multiple of 8?
False
Does 310 divide 47152550?
True
Does 11 divide 20455545?
True
Is 8302690 a multiple of 19?
False
Is 19 a factor of 1824154?
False
Is 2818 a factor of 641799500?
True
Is 76283316 a multiple of 12?
True
Does 5405 divide 2285552718?
False
Is 222823669 a multiple of 701?
False
Is 12196736 a multiple of 32?
True
Does 30 divide 1137474889?
False
Does 13 divide 134989348?
True
Does 353 divide 130202638?
True
Is 47 a factor of 1122595094?
True
Is 129 a factor of 40433372?
False
Is 192267757 a multiple of 839?
True
Does 1824 divide 54729120?
True
Does 377 divide 40517293?
False
Is 39971031 a multiple of 485?
False
Is 131 a factor of 124291621?
True
Is 214589991 even?
False
Does 39 divide 83910528?
True
Does 2202 divide 150530922?
True
Does 190 divide 24217854?
False
Is 3 a factor of 12676308?
True
Is 1808929403 a multiple of 13878?
False
Does 3 divide 25843052?
False
Is 526722298 a multiple of 1596?
False
Is 1610535605 a multiple of 47?
True
Is 3541 a factor of 135581349?
True
Is 39006458 a multiple of 69?
False
Is 3700 a factor of 61723400?
True
Is 9 a factor of 186719220?
True
Does 29 divide 27144725?
True
Is 6 a factor of 298080?
True
Is 2106 a factor of 6315711?
False
Is 124 a factor of 1764404?
False
Does 48 divide 17676720?
True
Is 3345092 a multiple of 7?
False
Does 15 divide 13614252?
False
Does 37 divide 115997139?
False
Does 2919 divide 1370428189?
False
Is 202743000 a multiple of 1000?
True
Does 1474 divide 174272494?
True
Is 13 a factor of 277118733?
False
Does 47 divide 13687387?
True
Is 694 a factor of 778710375?
False
Is 14 a factor of 11010874?
True
Is 47 a factor of 164181622?
True
Is 102751335 a multiple of 1712?
False
Is 28677000 a multiple of 12?
True
Is 2961201 a multiple of 38?
False
Does 21 divide 8517051?
False
Is 18 a factor of 54108162?
True
Is 99 a factor of 415510227?
True
Is 8 a factor of 2143119148?
False
Is 52448985 a multiple of 877?
True
Is 12 a factor of 54263958?
False
Is 213 a factor of 7521669?
True
Is 12 a factor of 75819633?
False
Is 23 a factor of 1271011885?
False
Is 1616931831 a multiple of 15?
False
Is 4 a factor of 2289219?
False
Is 1722 a factor of 839025428?
False
Is 379 a factor of 390319?
False
Is 114419243 a multiple of 165?
False
Is 3328 a factor of 329298421?
False
Does 1317 divide 43396603?
False
Does 13 divide 1524190083?
True
Is 36071030 a multiple of 10?
True
Is 4 a factor of 508331852?
True
Does 4 divide 1095816?
True
Is 167 a factor of 2352400539?
False
Is 3137802205 a multiple of 1888?
False
Is 334653333 a multiple of 185?
False
Is 3 a factor of 56124951?
True
Does 67 divide 6916753121?
False
Is 24 a factor of 9060549?
False
Does 27 divide 195604832?
False
Is 572 a factor of 152177740?
True
Is 2300 a factor of 93267728?
False
Is 1713432 a multiple of 588?
True
Does 4 divide 43985399?
False
Is 71937664 a multiple of 8?
True
Does 12 divide 1138094271?
False
Does 273 divide 316241016?
True
Does 7194 divide 817977966?
False
Is 45133456 a multiple of 254?
False
Does 282 divide 24709404?
True
Is 23 a factor of 1269374600?
True
Is 1716614 a multiple of 10?
False
Is 35746194 a multiple of 678?
True
Is 258982464 a multiple of 1824?
True
Is 4 a factor of 69773390?
False
Does 10 divide 183784189?
False
Is 5683 a factor of 300284037?
True
Is 193 a factor of 1156827332?
True
Is 443122602 a multiple of 26?
True
Is 3114756 a multiple of 4?
True
Is 22 a factor of 381112146?
False
Is 8 a factor of 124765616?
True
Does 52 divide 1075148828?
True
Is 651737117 a multiple of 379?
True
Is 41168920 a multiple of 13?
True
Is 82 a factor of 15950151?
False
Is 602 a factor of 700071218?
True
Does 131 divide 2853311?
True
Does 1674 divide 938973384?
True
Does 15 divide 262026645?
True
Is 6004117 a multiple of 17?
False
Is 165 a factor of 124096902?
False
Is 59 a factor of 1244330878?
False
Is 43441293 a multiple of 147?
True
Is 964 a factor of 123731328?
True
Does 2 divide 32484704?
True
Does 13 divide 345995?
True
Does 4 divide 6748392?
True
Is 1339213108 a multiple of 4652?
Tr